ose -122*v = -126*v - 420. Let q = -48 - v. What are the prime factors of q?
3, 19
Let g(i) = 26*i + 8. Let n be g(3). Suppose n + 114 = 5*a. What are the prime factors of a?
2, 5
Let q = 2029 - 254. What are the prime factors of q?
5, 71
Let s(p) be the first derivative of 19/3*p**3 - 8 - 29*p - 25/2*p**2 + 1/4*p**4. List the prime factors of s(-20).
71
Let u(g) be the third derivative of g**6/120 - g**5/4 + 31*g**4/24 - 7*g**3/2 - 38*g**2. List the prime factors of u(13).
2, 11
Let j = -1 + 8. Let b(w) = -4*w + 1 - 3 + w - j. List the prime factors of b(-6).
3
Suppose -2*r = -7*r - 185. Let p = r - -134. What are the prime factors of p?
97
Suppose b + 1 = 3*s, 3*b = -3*s - 2*b - 5. Let w = s + 5. Suppose 75 = 4*r + w*m, -5*r + r + 105 = -m. What are the prime factors of r?
5
Let d(h) = 3*h**3 + 2*h**2 - 4. What are the prime factors of d(6)?
2, 179
Let u(l) = 19*l**2 - 4*l. List the prime factors of u(6).
2, 3, 5, 11
Let q = 10 + 60. Suppose 5*o - q = 5*g, 5*g + o = -0*o - 58. What are the prime factors of (-164)/(-10) - g/(-30)?
2
Let v(i) = 119*i**2 - i. Suppose -3*s + 3 = 0, 4*q - 7*s + 1 = -2*s. List the prime factors of v(q).
2, 59
What are the prime factors of (2 - 2502)/(6 - 64/8)?
2, 5
Suppose -6*i = 2 - 14. Suppose -4*m - 14 = -i*o, 4*o = -m - 4*m + 41. List the prime factors of o.
3
Let c(v) = 99*v + 64. List the prime factors of c(3).
19
Let m(p) = -4*p**2 - 41*p + 3. Let t be m(-18). List the prime factors of (0 + t)*(-8)/20.
2, 3, 37
Let l(r) = 2*r + 15. Let f be l(-10). Let o = f + 11. List the prime factors of -28*(o/(-4))/3.
2, 7
Suppose -7104 - 7388 = -4*d + 2*a, 4*a + 10869 = 3*d. List the prime factors of d.
3623
Let w(v) = 2*v**2 + 7 - v**2 - 2*v**2 + 4*v. Let p be w(5). List the prime factors of (-18)/(-12) + 37/p.
2, 5
Let o(l) be the third derivative of l**3 + 6*l**2 + 1/60*l**5 + 0 + 0*l - 1/4*l**4. List the prime factors of o(10).
2, 23
Let v(r) = -r**2 - 11*r + 3. Let z be v(-9). Let k = 37 - z. What are the prime factors of k?
2
Suppose m + 6 = 11. Suppose -3*d - 12 = -3*x, 0 = -3*x + m*d - 10*d + 20. Suppose -n + 19 = x*f, 2*n - 4*f - 52 = -0*f. What are the prime factors of n?
2, 3
Suppose -108 = 2*j - 6*j + 4*t, 4*j = -3*t + 80. Suppose -j*i + 19*i = -140. Let r = i - 15. List the prime factors of r.
2, 5
Let i = 1839 - 1153. List the prime factors of i.
2, 7
Let u(n) = n**3 + 10*n**2 + 9*n + 13. Suppose 3*q + 2*m = -33, 12 = -7*m + 3*m. What are the prime factors of u(q)?
13
Let i be 1/5 + (-1)/5. Suppose -4*x - 2*t = -162, i*t = -5*t + 25. List the prime factors of x.
2, 19
What are the prime factors of (-7 + -107)*(67/(-2) - 2)?
3, 19, 71
Let z(t) = -t**3 + 6*t**2 + t + 6. Let m be z(6). Let x(c) = 13*c - 86. What are the prime factors of x(m)?
2, 5, 7
Let o(l) = 132*l + 46. What are the prime factors of o(3)?
2, 13, 17
Let d be 6/(-9) + (-50)/(-3). Suppose -d = 3*l + l. Let p = 37 + l. What are the prime factors of p?
3, 11
Suppose -3*q + 9*q = 288. What are the prime factors of q?
2, 3
Suppose -6*o = -957 - 111. Let j be (2/(1/1))/1. Suppose -m = 3*n - 108, 5*n - o = m - j*m. What are the prime factors of n?
5, 7
Suppose 11*v = 3*v + 32. Suppose 7 = s - 0*s - v*z, 50 = 5*s - 5*z. What are the prime factors of s?
11
Suppose 0 = -10*u + 2186 + 4974. List the prime factors of u.
2, 179
What are the prime factors of (-4)/(-8)*4858/7?
347
Let s(p) be the first derivative of -p**6/360 - p**5/15 - 5*p**4/24 - 3*p**3 - 6. Let h(z) be the third derivative of s(z). What are the prime factors of h(-5)?
2, 5
Suppose 9*s - 60 = -276. Let q = s + 126. What are the prime factors of q?
2, 3, 17
Let l be ((-136)/(-5))/((-1)/(-5)). Suppose -13 = 3*y - l. What are the prime factors of y?
41
Suppose 3*t = -6, l - 530 = -3*l + t. Let x = 294 - l. What are the prime factors of x?
2, 3
Suppose 4*s = 5*t - 1231 - 3879, -2*s = t - 1022. List the prime factors of t.
2, 7, 73
Let p(s) = s**3 - 3*s**2 - 2*s. Let f be p(-1). List the prime factors of (-20)/f - (5/(-1))/(-5).
3
Let f(t) = 28*t + 45. Let n be f(3). Let z be -1 + (-1 - -4 - 0). Suppose h = -z*h + n. List the prime factors of h.
43
Let p(z) = -z**3 - 4*z**2 - 10*z + 6. Let q = 2 - 7. List the prime factors of p(q).
3
Suppose -5*h + 5*t = -3105, 3*t + 3095 = 5*h + 8*t. List the prime factors of h.
2, 5, 31
Let v(c) = -c**2 + 3*c + 18. Let j be v(10). Let n = 101 + j. What are the prime factors of n?
7
Suppose 25*d - 29*d = -2628. What are the prime factors of d?
3, 73
Let d = 537 + -537. Suppose 11 = -5*l + 31. Suppose -4*s + 96 = -l*v, 4*s + 3*v + 25 - 100 = d. List the prime factors of s.
3, 7
Let t be (-6)/5*5/3*2. What are the prime factors of (-128)/t*(2 - 1)?
2
Suppose 0 = -7*g + 30 - 23. Let t(x) = 53*x**3 + x**2 - x - 1. What are the prime factors of t(g)?
2, 13
Suppose r + 14*t = 4534 - 205, 3*r - 12797 = -4*t. List the prime factors of r.
4259
Let n be 11 + -12 - -4*1. Suppose 2*i + 291 = n*x, -x + 4*i = x - 186. List the prime factors of x/(-3)*(-1)/3.
11
Let n = 46 - 42. Suppose n*j - 264 = 332. What are the prime factors of j?
149
Let d be (-6)/(-9) + (-1928)/(-6). Let n = d - 214. List the prime factors of n.
2, 3
Suppose 0 = -4*v, -a - v + 2*v + 153 = 0. Let z = a + 94. List the prime factors of z.
13, 19
Let n = -38 + 140. Suppose -2 - n = -2*x. List the prime factors of x.
2, 13
Let l be (-7)/(6/(-27) - 20/72). What are the prime factors of (48/9)/(l/21)?
2
Let s = 161 - 66. Suppose -11*r + s = -10*r. What are the prime factors of r?
5, 19
Let n(c) = -363*c - 2. What are the prime factors of n(-2)?
2, 181
Let i(v) = v**3 - v**2 + v. Let t(k) = 4*k**3 - 5*k**2 + 3*k - 4. Let w(s) = 5*i(s) - t(s). Let b be w(-3). List the prime factors of b/((-2)/(-1 + 3)).
29
List the prime factors of (-5 + 6 + -5)*-102.
2, 3, 17
Let u = -33 - -49. Suppose -u*c + 18*c = 4. List the prime factors of (-1 - 3) + c - -60.
2, 29
Let t(b) = 73*b + 111. What are the prime factors of t(10)?
29
Let s(a) = 17 - 13*a - 5*a + 8 - a**2 + 0*a. What are the prime factors of s(-11)?
2, 3, 17
Suppose q = -4 - 4. Let c be (-140)/(-6) - q/12. List the prime factors of c/6 + 41*1.
3, 5
Let r(s) = 3*s**3 + 4*s**2 + 15*s - 15. What are the prime factors of r(6)?
3, 17
Suppose 4*f = -8 + 60. Let g = f - -19. What are the prime factors of g?
2
List the prime factors of (35 - 56)*(-22)/12*2.
7, 11
Let k = -21 + 11. Let i(m) = m**3 + 11*m**2 + m - 19. What are the prime factors of i(k)?
71
Suppose 5*b - 2*n = 9455, 12*b + n + 5673 = 15*b. List the prime factors of b.
31, 61
Suppose 0 = 9*a - 2622 - 1770. What are the prime factors of a?
2, 61
Suppose -5*j + 2185 = d, -d - 453 = -j + 2*d. What are the prime factors of j?
2, 3, 73
Suppose 4*h = 4*m + 24, 5*h - 8 = 3*m - 0. Let x(n) = n**2 + 10*n + 9. Let t be x(m). Let p = -8 + t. List the prime factors of p.
2, 3
Suppose -6 = 5*c + 4. Let f(n) = 7*n**2 + n - 1. List the prime factors of f(c).
5
Let b be 2222/33 - (-2)/(-6). List the prime factors of b - (-1)/((-4 - -2) + 3).
2, 17
Suppose -10 = 3*g - 16. List the prime factors of g/(1540/384 + -4).
2, 3
List the prime factors of 419/(52/13 - (-11)/(-3)).
3, 419
Let u be (-1)/(-4) + 52/(-16). Let y(o) = o**3 + 5*o**2 + o - 2. Let w be y(u). Suppose 2*s + 1 = w. What are the prime factors of s?
2, 3
Suppose 316 = 4*o - 2*o. Suppose -31 + o = c. List the prime factors of c.
127
Suppose 5*w + 3*f + 2 = 0, 3*w = -0*w + 4*f - 7. List the prime factors of 1 - (w - -1) - -2.
3
Let v = -2 - -3. Let c be 2 + -3 + v - -3. Suppose -2*j + 35 = c*b - 0*j, -j - 2 = 0. List the prime factors of b.
13
Let c = -1 - -1. Let n = 31 - 28. Suppose -n*l + c*l = -69. What are the prime factors of l?
23
Let t(u) = 14*u + 2. Let c(n) = -n**2 + 11*n + 4. Let v be c(12). Let i be (-4)/v*8/2. What are the prime factors of t(i)?
2, 3, 5
Let t be (7/(-14))/((-1)/2). Let j be 0 + (t - 1 - -42). List the prime factors of (-6)/(-8)*112/j.
2
Suppose 4*i = 5*q + 265 + 69, 2*q - 262 = -3*i. Let g = i + -46. What are the prime factors of g?
2, 5
Let v(q) = 24*q - 41. Suppose -16 = -3*x - x. List the prime factors of v(x).
5, 11
Let a(y) = y**3 - 2*y**2 - 6*y + 4. Let l be a(4). Suppose -t + 6*t = 3*p + l, -3*t + 7 = -2*p. What are the prime factors of 28*(-3)/(-6) - p?
13
Suppose 0 = p - 5*p - 28. Let w = -14 - p. What are the prime 